

{"id":81998,"date":"2021-11-17T02:14:38","date_gmt":"2021-11-17T01:14:38","guid":{"rendered":"https:\/\/kzprofesional.com\/avental-de-homem-branco-riscas-pretas-jrl\/"},"modified":"2026-04-28T22:51:23","modified_gmt":"2026-04-28T20:51:23","slug":"avental-de-homem-branco-riscas-pretas-jrl","status":"publish","type":"product","link":"https:\/\/kzprofesional.com\/pt-pt\/avental-de-homem-branco-riscas-pretas-jrl\/","title":{"rendered":"Avental de homem branco &#8211; riscas pretas &#8211; JRL"},"content":{"rendered":"<p>-Fabricado em poli\u00e9ster imperme\u00e1vel e resistente \u00e0 \u00e1gua.<\/p>\n<p>-Cor branca.<\/p>\n<p>&#8211; Bolso frontal amplo para colocar ferramentas ou utens\u00edlios.<\/p>\n<p>&#8211; Fecho com atilho.<\/p>\n<p>&#8211; Medidas: 84 x 66 cm.<\/p>\n<p>&#8211; Log\u00f3tipo JRL serigrafado a preto.<\/p>\n","protected":false},"excerpt":{"rendered":"<p>-Fabricado em poli\u00e9ster imperme\u00e1vel e resistente \u00e0 \u00e1gua. -Cor branca. &#8211; Bolso frontal amplo para colocar ferramentas ou utens\u00edlios. &#8211; Fecho com atilho. &#8211; Medidas: 84 x 66 cm. &#8211; Log\u00f3tipo JRL serigrafado a preto.<\/p>\n","protected":false},"featured_media":69231,"template":"","meta":{"_acf_changed":false,"_jet_sm_ready_style":"","_jet_sm_style":"","_jet_sm_controls_values":"","_jet_sm_fonts_collection":"","_jet_sm_fonts_links":""},"product_brand":[],"product_cat":[946],"product_tag":[],"class_list":{"0":"post-81998","1":"product","2":"type-product","3":"status-publish","4":"has-post-thumbnail","6":"product_cat-aventais-casacas","7":"sales-flash-overlay","8":"woocommerce-text-align-center","9":"woocommerce-image-align-center","10":"do-quantity-buttons","11":"wc-has-gallery","13":"first","14":"instock","15":"taxable","16":"shipping-taxable","17":"purchasable","18":"product-type-simple"},"bundled_by":[],"bundle_stock_status":"instock","bundle_stock_quantity":3,"bundle_virtual":false,"bundle_layout":"","bundle_add_to_cart_form_location":"","bundle_editable_in_cart":false,"bundle_sold_individually_context":"","bundle_item_grouping":"","bundle_min_size":"","bundle_max_size":"","bundle_price":[],"bundled_items":[],"bundle_sell_ids":[],"acf":[],"yoast_head":"<!-- This site is optimized with the Yoast SEO Premium plugin v25.9 (Yoast SEO v27.5) - https:\/\/yoast.com\/product\/yoast-seo-premium-wordpress\/ -->\n<title>Avental de homem branco - riscas pretas - JRL - KZ Profesional<\/title>\n<meta name=\"robots\" content=\"index, follow, max-snippet:-1, max-image-preview:large, max-video-preview:-1\" \/>\n<link rel=\"canonical\" href=\"https:\/\/kzprofesional.com\/pt-pt\/avental-de-homem-branco-riscas-pretas-jrl\/\" \/>\n<meta property=\"og:locale\" content=\"pt_PT\" \/>\n<meta property=\"og:type\" content=\"article\" \/>\n<meta property=\"og:title\" content=\"Avental de homem branco - riscas pretas - JRL\" \/>\n<meta property=\"og:description\" content=\"-Fabricado em poli\u00e9ster imperme\u00e1vel e resistente \u00e0 \u00e1gua. -Cor branca. &#8211; Bolso frontal amplo para colocar ferramentas ou utens\u00edlios. &#8211; Fecho com atilho. &#8211; Medidas: 84 x 66 cm. &#8211; Log\u00f3tipo JRL serigrafado a preto.\" \/>\n<meta property=\"og:url\" content=\"https:\/\/kzprofesional.com\/pt-pt\/avental-de-homem-branco-riscas-pretas-jrl\/\" \/>\n<meta property=\"og:site_name\" content=\"KZ Profesional\" \/>\n<meta property=\"article:modified_time\" content=\"2026-04-28T20:51:23+00:00\" \/>\n<meta property=\"og:image\" content=\"https:\/\/kzprofesional.com\/wp-content\/uploads\/D12B8A93-56E7-4547-86C4-B876B9D32DD1.jpeg\" \/>\n\t<meta property=\"og:image:width\" content=\"723\" \/>\n\t<meta property=\"og:image:height\" content=\"728\" \/>\n\t<meta property=\"og:image:type\" content=\"image\/jpeg\" \/>\n<meta name=\"twitter:card\" content=\"summary_large_image\" \/>\n<script type=\"application\/ld+json\" class=\"yoast-schema-graph\">{\"@context\":\"https:\\\/\\\/schema.org\",\"@graph\":[{\"@type\":\"WebPage\",\"@id\":\"https:\\\/\\\/kzprofesional.com\\\/pt-pt\\\/avental-de-homem-branco-riscas-pretas-jrl\\\/\",\"url\":\"https:\\\/\\\/kzprofesional.com\\\/pt-pt\\\/avental-de-homem-branco-riscas-pretas-jrl\\\/\",\"name\":\"Avental de homem branco - riscas pretas - JRL - KZ Profesional\",\"isPartOf\":{\"@id\":\"https:\\\/\\\/kzprofesional.com\\\/#website\"},\"primaryImageOfPage\":{\"@id\":\"https:\\\/\\\/kzprofesional.com\\\/pt-pt\\\/avental-de-homem-branco-riscas-pretas-jrl\\\/#primaryimage\"},\"image\":{\"@id\":\"https:\\\/\\\/kzprofesional.com\\\/pt-pt\\\/avental-de-homem-branco-riscas-pretas-jrl\\\/#primaryimage\"},\"thumbnailUrl\":\"https:\\\/\\\/kzprofesional.com\\\/wp-content\\\/uploads\\\/D12B8A93-56E7-4547-86C4-B876B9D32DD1.jpeg\",\"datePublished\":\"2021-11-17T01:14:38+00:00\",\"dateModified\":\"2026-04-28T20:51:23+00:00\",\"breadcrumb\":{\"@id\":\"https:\\\/\\\/kzprofesional.com\\\/pt-pt\\\/avental-de-homem-branco-riscas-pretas-jrl\\\/#breadcrumb\"},\"inLanguage\":\"pt-PT\",\"potentialAction\":[{\"@type\":\"ReadAction\",\"target\":[\"https:\\\/\\\/kzprofesional.com\\\/pt-pt\\\/avental-de-homem-branco-riscas-pretas-jrl\\\/\"]}]},{\"@type\":\"ImageObject\",\"inLanguage\":\"pt-PT\",\"@id\":\"https:\\\/\\\/kzprofesional.com\\\/pt-pt\\\/avental-de-homem-branco-riscas-pretas-jrl\\\/#primaryimage\",\"url\":\"https:\\\/\\\/kzprofesional.com\\\/wp-content\\\/uploads\\\/D12B8A93-56E7-4547-86C4-B876B9D32DD1.jpeg\",\"contentUrl\":\"https:\\\/\\\/kzprofesional.com\\\/wp-content\\\/uploads\\\/D12B8A93-56E7-4547-86C4-B876B9D32DD1.jpeg\",\"width\":723,\"height\":728},{\"@type\":\"BreadcrumbList\",\"@id\":\"https:\\\/\\\/kzprofesional.com\\\/pt-pt\\\/avental-de-homem-branco-riscas-pretas-jrl\\\/#breadcrumb\",\"itemListElement\":[{\"@type\":\"ListItem\",\"position\":1,\"name\":\"P\u00e1gina inicial\",\"item\":\"https:\\\/\\\/kzprofesional.com\\\/pt-pt\\\/\"},{\"@type\":\"ListItem\",\"position\":2,\"name\":\"Loja\",\"item\":\"https:\\\/\\\/kzprofesional.com\\\/pt-pt\\\/loja\\\/\"},{\"@type\":\"ListItem\",\"position\":3,\"name\":\"Avental de homem branco &#8211; riscas pretas &#8211; JRL\"}]},{\"@type\":\"WebSite\",\"@id\":\"https:\\\/\\\/kzprofesional.com\\\/#website\",\"url\":\"https:\\\/\\\/kzprofesional.com\\\/\",\"name\":\"KZ Profesional\",\"description\":\"\",\"publisher\":{\"@id\":\"https:\\\/\\\/kzprofesional.com\\\/#organization\"},\"potentialAction\":[{\"@type\":\"SearchAction\",\"target\":{\"@type\":\"EntryPoint\",\"urlTemplate\":\"https:\\\/\\\/kzprofesional.com\\\/?s={search_term_string}\"},\"query-input\":{\"@type\":\"PropertyValueSpecification\",\"valueRequired\":true,\"valueName\":\"search_term_string\"}}],\"inLanguage\":\"pt-PT\"},{\"@type\":\"Organization\",\"@id\":\"https:\\\/\\\/kzprofesional.com\\\/#organization\",\"name\":\"Imperio Barber Shop\",\"url\":\"https:\\\/\\\/kzprofesional.com\\\/\",\"logo\":{\"@type\":\"ImageObject\",\"inLanguage\":\"pt-PT\",\"@id\":\"https:\\\/\\\/kzprofesional.com\\\/#\\\/schema\\\/logo\\\/image\\\/\",\"url\":\"https:\\\/\\\/kzprofesional.com\\\/wp-content\\\/uploads\\\/2021\\\/09\\\/Logo-Imperio-Barber-Shop.png\",\"contentUrl\":\"https:\\\/\\\/kzprofesional.com\\\/wp-content\\\/uploads\\\/2021\\\/09\\\/Logo-Imperio-Barber-Shop.png\",\"width\":128,\"height\":128,\"caption\":\"Imperio Barber Shop\"},\"image\":{\"@id\":\"https:\\\/\\\/kzprofesional.com\\\/#\\\/schema\\\/logo\\\/image\\\/\"}}]}<\/script>\n<!-- \/ Yoast SEO Premium plugin. -->","yoast_head_json":{"title":"Avental de homem branco - riscas pretas - JRL - KZ Profesional","robots":{"index":"index","follow":"follow","max-snippet":"max-snippet:-1","max-image-preview":"max-image-preview:large","max-video-preview":"max-video-preview:-1"},"canonical":"https:\/\/kzprofesional.com\/pt-pt\/avental-de-homem-branco-riscas-pretas-jrl\/","og_locale":"pt_PT","og_type":"article","og_title":"Avental de homem branco - riscas pretas - JRL","og_description":"-Fabricado em poli\u00e9ster imperme\u00e1vel e resistente \u00e0 \u00e1gua. -Cor branca. &#8211; Bolso frontal amplo para colocar ferramentas ou utens\u00edlios. &#8211; Fecho com atilho. &#8211; Medidas: 84 x 66 cm. &#8211; Log\u00f3tipo JRL serigrafado a preto.","og_url":"https:\/\/kzprofesional.com\/pt-pt\/avental-de-homem-branco-riscas-pretas-jrl\/","og_site_name":"KZ Profesional","article_modified_time":"2026-04-28T20:51:23+00:00","og_image":[{"width":723,"height":728,"url":"https:\/\/kzprofesional.com\/wp-content\/uploads\/D12B8A93-56E7-4547-86C4-B876B9D32DD1.jpeg","type":"image\/jpeg"}],"twitter_card":"summary_large_image","schema":{"@context":"https:\/\/schema.org","@graph":[{"@type":"WebPage","@id":"https:\/\/kzprofesional.com\/pt-pt\/avental-de-homem-branco-riscas-pretas-jrl\/","url":"https:\/\/kzprofesional.com\/pt-pt\/avental-de-homem-branco-riscas-pretas-jrl\/","name":"Avental de homem branco - riscas pretas - JRL - KZ Profesional","isPartOf":{"@id":"https:\/\/kzprofesional.com\/#website"},"primaryImageOfPage":{"@id":"https:\/\/kzprofesional.com\/pt-pt\/avental-de-homem-branco-riscas-pretas-jrl\/#primaryimage"},"image":{"@id":"https:\/\/kzprofesional.com\/pt-pt\/avental-de-homem-branco-riscas-pretas-jrl\/#primaryimage"},"thumbnailUrl":"https:\/\/kzprofesional.com\/wp-content\/uploads\/D12B8A93-56E7-4547-86C4-B876B9D32DD1.jpeg","datePublished":"2021-11-17T01:14:38+00:00","dateModified":"2026-04-28T20:51:23+00:00","breadcrumb":{"@id":"https:\/\/kzprofesional.com\/pt-pt\/avental-de-homem-branco-riscas-pretas-jrl\/#breadcrumb"},"inLanguage":"pt-PT","potentialAction":[{"@type":"ReadAction","target":["https:\/\/kzprofesional.com\/pt-pt\/avental-de-homem-branco-riscas-pretas-jrl\/"]}]},{"@type":"ImageObject","inLanguage":"pt-PT","@id":"https:\/\/kzprofesional.com\/pt-pt\/avental-de-homem-branco-riscas-pretas-jrl\/#primaryimage","url":"https:\/\/kzprofesional.com\/wp-content\/uploads\/D12B8A93-56E7-4547-86C4-B876B9D32DD1.jpeg","contentUrl":"https:\/\/kzprofesional.com\/wp-content\/uploads\/D12B8A93-56E7-4547-86C4-B876B9D32DD1.jpeg","width":723,"height":728},{"@type":"BreadcrumbList","@id":"https:\/\/kzprofesional.com\/pt-pt\/avental-de-homem-branco-riscas-pretas-jrl\/#breadcrumb","itemListElement":[{"@type":"ListItem","position":1,"name":"P\u00e1gina inicial","item":"https:\/\/kzprofesional.com\/pt-pt\/"},{"@type":"ListItem","position":2,"name":"Loja","item":"https:\/\/kzprofesional.com\/pt-pt\/loja\/"},{"@type":"ListItem","position":3,"name":"Avental de homem branco &#8211; riscas pretas &#8211; JRL"}]},{"@type":"WebSite","@id":"https:\/\/kzprofesional.com\/#website","url":"https:\/\/kzprofesional.com\/","name":"KZ Profesional","description":"","publisher":{"@id":"https:\/\/kzprofesional.com\/#organization"},"potentialAction":[{"@type":"SearchAction","target":{"@type":"EntryPoint","urlTemplate":"https:\/\/kzprofesional.com\/?s={search_term_string}"},"query-input":{"@type":"PropertyValueSpecification","valueRequired":true,"valueName":"search_term_string"}}],"inLanguage":"pt-PT"},{"@type":"Organization","@id":"https:\/\/kzprofesional.com\/#organization","name":"Imperio Barber Shop","url":"https:\/\/kzprofesional.com\/","logo":{"@type":"ImageObject","inLanguage":"pt-PT","@id":"https:\/\/kzprofesional.com\/#\/schema\/logo\/image\/","url":"https:\/\/kzprofesional.com\/wp-content\/uploads\/2021\/09\/Logo-Imperio-Barber-Shop.png","contentUrl":"https:\/\/kzprofesional.com\/wp-content\/uploads\/2021\/09\/Logo-Imperio-Barber-Shop.png","width":128,"height":128,"caption":"Imperio Barber Shop"},"image":{"@id":"https:\/\/kzprofesional.com\/#\/schema\/logo\/image\/"}}]}},"_links":{"self":[{"href":"https:\/\/kzprofesional.com\/pt-pt\/wp-json\/wp\/v2\/product\/81998","targetHints":{"allow":["GET"]}}],"collection":[{"href":"https:\/\/kzprofesional.com\/pt-pt\/wp-json\/wp\/v2\/product"}],"about":[{"href":"https:\/\/kzprofesional.com\/pt-pt\/wp-json\/wp\/v2\/types\/product"}],"wp:featuredmedia":[{"embeddable":true,"href":"https:\/\/kzprofesional.com\/pt-pt\/wp-json\/wp\/v2\/media\/69231"}],"wp:attachment":[{"href":"https:\/\/kzprofesional.com\/pt-pt\/wp-json\/wp\/v2\/media?parent=81998"}],"wp:term":[{"taxonomy":"product_brand","embeddable":true,"href":"https:\/\/kzprofesional.com\/pt-pt\/wp-json\/wp\/v2\/product_brand?post=81998"},{"taxonomy":"product_cat","embeddable":true,"href":"https:\/\/kzprofesional.com\/pt-pt\/wp-json\/wp\/v2\/product_cat?post=81998"},{"taxonomy":"product_tag","embeddable":true,"href":"https:\/\/kzprofesional.com\/pt-pt\/wp-json\/wp\/v2\/product_tag?post=81998"}],"curies":[{"name":"wp","href":"https:\/\/api.w.org\/{rel}","templated":true}]}}

<p>-Fabricado em poliéster impermeável e resistente à água.</p>
<p>-Cor branca.</p>
<p>&#8211; Bolso frontal amplo para colocar ferramentas ou utensílios.</p>
<p>&#8211; Fecho com atilho.</p>
<p>&#8211; Medidas: 84 x 66 cm.</p>
<p>&#8211; Logótipo JRL serigrafado a preto.</p>

<p>-Fabricado em poliéster impermeável e resistente à água. -Cor branca. &#8211; Bolso frontal amplo para colocar ferramentas ou utensílios. &#8211; Fecho com atilho. &#8211; Medidas: 84 x 66 cm. &#8211; Logótipo JRL serigrafado a preto.</p>

<!-- This site is optimized with the Yoast SEO Premium plugin v25.9 (Yoast SEO v27.5) - https://yoast.com/product/yoast-seo-premium-wordpress/ -->
<title>Avental de homem branco - riscas pretas - JRL - KZ Profesional</title>
<meta name="robots" content="index, follow, max-snippet:-1, max-image-preview:large, max-video-preview:-1" />
<link rel="canonical" href="https://kzprofesional.com/pt-pt/avental-de-homem-branco-riscas-pretas-jrl/" />
<meta property="og:locale" content="pt_PT" />
<meta property="og:type" content="article" />
<meta property="og:title" content="Avental de homem branco - riscas pretas - JRL" />
<meta property="og:description" content="-Fabricado em poliéster impermeável e resistente à água. -Cor branca. &#8211; Bolso frontal amplo para colocar ferramentas ou utensílios. &#8211; Fecho com atilho. &#8211; Medidas: 84 x 66 cm. &#8211; Logótipo JRL serigrafado a preto." />
<meta property="og:url" content="https://kzprofesional.com/pt-pt/avental-de-homem-branco-riscas-pretas-jrl/" />
<meta property="og:site_name" content="KZ Profesional" />
<meta property="article:modified_time" content="2026-04-28T20:51:23+00:00" />
<meta property="og:image" content="https://kzprofesional.com/wp-content/uploads/D12B8A93-56E7-4547-86C4-B876B9D32DD1.jpeg" />
	<meta property="og:image:width" content="723" />
	<meta property="og:image:height" content="728" />
	<meta property="og:image:type" content="image/jpeg" />
<meta name="twitter:card" content="summary_large_image" />
<script type="application/ld+json" class="yoast-schema-graph">{"@context":"https:\/\/schema.org","@graph":[{"@type":"WebPage","@id":"https:\/\/kzprofesional.com\/pt-pt\/avental-de-homem-branco-riscas-pretas-jrl\/","url":"https:\/\/kzprofesional.com\/pt-pt\/avental-de-homem-branco-riscas-pretas-jrl\/","name":"Avental de homem branco - riscas pretas - JRL - KZ Profesional","isPartOf":{"@id":"https:\/\/kzprofesional.com\/#website"},"primaryImageOfPage":{"@id":"https:\/\/kzprofesional.com\/pt-pt\/avental-de-homem-branco-riscas-pretas-jrl\/#primaryimage"},"image":{"@id":"https:\/\/kzprofesional.com\/pt-pt\/avental-de-homem-branco-riscas-pretas-jrl\/#primaryimage"},"thumbnailUrl":"https:\/\/kzprofesional.com\/wp-content\/uploads\/D12B8A93-56E7-4547-86C4-B876B9D32DD1.jpeg","datePublished":"2021-11-17T01:14:38+00:00","dateModified":"2026-04-28T20:51:23+00:00","breadcrumb":{"@id":"https:\/\/kzprofesional.com\/pt-pt\/avental-de-homem-branco-riscas-pretas-jrl\/#breadcrumb"},"inLanguage":"pt-PT","potentialAction":[{"@type":"ReadAction","target":["https:\/\/kzprofesional.com\/pt-pt\/avental-de-homem-branco-riscas-pretas-jrl\/"]}]},{"@type":"ImageObject","inLanguage":"pt-PT","@id":"https:\/\/kzprofesional.com\/pt-pt\/avental-de-homem-branco-riscas-pretas-jrl\/#primaryimage","url":"https:\/\/kzprofesional.com\/wp-content\/uploads\/D12B8A93-56E7-4547-86C4-B876B9D32DD1.jpeg","contentUrl":"https:\/\/kzprofesional.com\/wp-content\/uploads\/D12B8A93-56E7-4547-86C4-B876B9D32DD1.jpeg","width":723,"height":728},{"@type":"BreadcrumbList","@id":"https:\/\/kzprofesional.com\/pt-pt\/avental-de-homem-branco-riscas-pretas-jrl\/#breadcrumb","itemListElement":[{"@type":"ListItem","position":1,"name":"Página inicial","item":"https:\/\/kzprofesional.com\/pt-pt\/"},{"@type":"ListItem","position":2,"name":"Loja","item":"https:\/\/kzprofesional.com\/pt-pt\/loja\/"},{"@type":"ListItem","position":3,"name":"Avental de homem branco &#8211; riscas pretas &#8211; JRL"}]},{"@type":"WebSite","@id":"https:\/\/kzprofesional.com\/#website","url":"https:\/\/kzprofesional.com\/","name":"KZ Profesional","description":"","publisher":{"@id":"https:\/\/kzprofesional.com\/#organization"},"potentialAction":[{"@type":"SearchAction","target":{"@type":"EntryPoint","urlTemplate":"https:\/\/kzprofesional.com\/?s={search_term_string}"},"query-input":{"@type":"PropertyValueSpecification","valueRequired":true,"valueName":"search_term_string"}}],"inLanguage":"pt-PT"},{"@type":"Organization","@id":"https:\/\/kzprofesional.com\/#organization","name":"Imperio Barber Shop","url":"https:\/\/kzprofesional.com\/","logo":{"@type":"ImageObject","inLanguage":"pt-PT","@id":"https:\/\/kzprofesional.com\/#\/schema\/logo\/image\/","url":"https:\/\/kzprofesional.com\/wp-content\/uploads\/2021\/09\/Logo-Imperio-Barber-Shop.png","contentUrl":"https:\/\/kzprofesional.com\/wp-content\/uploads\/2021\/09\/Logo-Imperio-Barber-Shop.png","width":128,"height":128,"caption":"Imperio Barber Shop"},"image":{"@id":"https:\/\/kzprofesional.com\/#\/schema\/logo\/image\/"}}]}</script>
<!-- / Yoast SEO Premium plugin. -->

-Fabricado em poliéster impermeável e resistente à água. -Cor branca. &#8211; Bolso frontal amplo para colocar ferramentas ou utensílios. &#8211; Fecho com atilho. &#8211; Medidas: 84 x 66 cm. &#8211; Logótipo JRL serigrafado a preto.

Página inicial
